{"id":89,"date":"2022-05-10T21:33:57","date_gmt":"2022-05-10T19:33:57","guid":{"rendered":"https:\/\/ecole-ohara-lyon.com\/?page_id=89"},"modified":"2024-12-01T21:50:20","modified_gmt":"2024-12-01T20:50:20","slug":"lyon-kiku-sg","status":"publish","type":"page","link":"https:\/\/ecole-ohara-lyon.com\/index.php\/lyon-kiku-sg\/","title":{"rendered":"le Chapitre LYON KIKU"},"content":{"rendered":"<div class=\"wp-block-image\">\n<figure class=\"alignright size-large is-resized\"><img loading=\"lazy\" decoding=\"async\" width=\"624\" height=\"1024\" src=\"https:\/\/ecole-ohara-lyon.com\/wp-content\/uploads\/2022\/07\/atelier-1-624x1024.jpg\" alt=\"\" class=\"wp-image-563\" style=\"width:187px;height:306px\" srcset=\"https:\/\/ecole-ohara-lyon.com\/wp-content\/uploads\/2022\/07\/atelier-1-624x1024.jpg 624w, https:\/\/ecole-ohara-lyon.com\/wp-content\/uploads\/2022\/07\/atelier-1-183x300.jpg 183w, https:\/\/ecole-ohara-lyon.com\/wp-content\/uploads\/2022\/07\/atelier-1-768x1260.jpg 768w, https:\/\/ecole-ohara-lyon.com\/wp-content\/uploads\/2022\/07\/atelier-1-937x1536.jpg 937w, https:\/\/ecole-ohara-lyon.com\/wp-content\/uploads\/2022\/07\/atelier-1-1249x2048.jpg 1249w, https:\/\/ecole-ohara-lyon.com\/wp-content\/uploads\/2022\/07\/atelier-1-scaled.jpg 1561w\" sizes=\"auto, (max-width: 624px) 100vw, 624px\" \/><\/figure>\n<\/div>\n\n\n<p>Les premiers cours d&rsquo;Ikebana ont \u00e9t\u00e9 donn\u00e9s \u00e0 Lyon en 1967 et c&rsquo;est en 1972 que fut cr\u00e9\u00e9e l\u2019association d&rsquo;Art Floral Japonais de Lyon. l&rsquo;association est reconnue par l\u2019\u00c9cole Ohara de Tokyo qui lui a donn\u00e9 le nom de \u00ab\u00a0<a href=\"https:\/\/ecole-ohara-lyon.com\/index.php\/kiku\/\" data-type=\"URL\" data-id=\"https:\/\/ecole-ohara-lyon.com\/index.php\/kiku\/\" target=\"_blank\" rel=\"noreferrer noopener\">Lyon Kiku<\/a>\u00ab\u00a0.<br>Les deux Grand-Ma\u00eetre fran\u00e7ais, Annik Howa Gendrot et Marcel Vrignaud ont \u00e9t\u00e9 r\u00e9guli\u00e8rement invit\u00e9s \u00e0 Lyon pour animer des stages.<br><br>Tous les professeurs du Chapitre Lyon Kiku sont dipl\u00f4m\u00e9s de l\u2019\u00c9cole Ohara.<br>Chaque ann\u00e9e, environ 90 \u00e9l\u00e8ves suivent <a href=\"https:\/\/ecole-ohara-lyon.com\/index.php\/les-cours\/\" data-type=\"URL\" data-id=\"https:\/\/ecole-ohara-lyon.com\/index.php\/les-cours\/\" target=\"_blank\" rel=\"noreferrer noopener\">les cours r\u00e9partis en 5 niveaux<\/a> qui vont de l\u2019introduction \u00e0 l&rsquo;Ikebana au Perfectionnement 4e degr\u00e9.<br><br>Le Chapitre Lyon Kiku est habilit\u00e9 pour demander, au si\u00e8ge de l\u2019\u00c9cole \u00e0 Tokyo, les dipl\u00f4mes pour ses \u00e9l\u00e8ves.<br><br>L&rsquo;association a organis\u00e9 plusieurs expositions ouvertes \u00e0 un large public :<\/p>\n\n\n\n<ul class=\"wp-block-list\">\n<li>1995 &#8211; Expo Ikebana 100e anniversaire \u00c9cole Ohara avec Marcel Vrignaud &#8211; Lyon III<\/li>\n\n\n\n<li>1998 &#8211; Fleurs &amp; Musique avec Annik Howa Gendrot &#8211; le Radiant &#8211; Caluire et Cuire<\/li>\n\n\n\n<li>2001 &#8211; Fleurs, Reflets des Arts &#8211; l&rsquo;Embarcad\u00e8re &#8211; Lyon II<\/li>\n\n\n\n<li>2010 &#8211; Audace, Tradition, Cr\u00e9ation &#8211; Orangerie du parc de la T\u00eate d&rsquo;Or &#8211; Lyon VI<\/li>\n\n\n\n<li>2014 &#8211; Fleurs d&rsquo;Or, Lumi\u00e8re d&rsquo;Automne &#8211; Orangerie du parc de la T\u00eate d&rsquo;Or &#8211; Lyon VI<\/li>\n\n\n\n<li>2018 &#8211; Les Voies du Japon &#8211; Japonisme 2018 &#8211; Chapelle St Joseph &#8211; Caluire et Cuire<\/li>\n\n\n\n<li>2022 &#8211; Ateliers R\u00e9v\u00e9l\u00e9s &#8211; Ch\u00e2teau de Rochebonne &#8211; Theiz\u00e9 (Beaujolais des pierres dor\u00e9es)<\/li>\n\n\n\n<li>2022 &#8211; 50 ans de l&rsquo;Association &#8211; Salle du Conseil Municipal &#8211; Caluire et Cuire<\/li>\n<\/ul>\n","protected":false},"excerpt":{"rendered":"<p>Les premiers cours d&rsquo;Ikebana ont \u00e9t\u00e9 donn\u00e9s \u00e0 Lyon en 1967 et c&rsquo;est en 1972 que fut cr\u00e9\u00e9e l\u2019association d&rsquo;Art Floral Japonais de Lyon. l&rsquo;association est reconnue par l\u2019\u00c9cole Ohara de Tokyo qui lui a donn\u00e9 le nom de \u00ab\u00a0Lyon &hellip; <a href=\"https:\/\/ecole-ohara-lyon.com\/index.php\/lyon-kiku-sg\/\">Continuer la lecture <span class=\"meta-nav\">&rarr;<\/span><\/a><\/p>\n","protected":false},"author":1,"featured_media":0,"parent":0,"menu_order":0,"comment_status":"closed","ping_status":"closed","template":"","meta":{"footnotes":""},"class_list":["post-89","page","type-page","status-publish","hentry"],"_links":{"self":[{"href":"https:\/\/ecole-ohara-lyon.com\/index.php\/wp-json\/wp\/v2\/pages\/89","targetHints":{"allow":["GET"]}}],"collection":[{"href":"https:\/\/ecole-ohara-lyon.com\/index.php\/wp-json\/wp\/v2\/pages"}],"about":[{"href":"https:\/\/ecole-ohara-lyon.com\/index.php\/wp-json\/wp\/v2\/types\/page"}],"author":[{"embeddable":true,"href":"https:\/\/ecole-ohara-lyon.com\/index.php\/wp-json\/wp\/v2\/users\/1"}],"replies":[{"embeddable":true,"href":"https:\/\/ecole-ohara-lyon.com\/index.php\/wp-json\/wp\/v2\/comments?post=89"}],"version-history":[{"count":53,"href":"https:\/\/ecole-ohara-lyon.com\/index.php\/wp-json\/wp\/v2\/pages\/89\/revisions"}],"predecessor-version":[{"id":750,"href":"https:\/\/ecole-ohara-lyon.com\/index.php\/wp-json\/wp\/v2\/pages\/89\/revisions\/750"}],"wp:attachment":[{"href":"https:\/\/ecole-ohara-lyon.com\/index.php\/wp-json\/wp\/v2\/media?parent=89"}],"curies":[{"name":"wp","href":"https:\/\/api.w.org\/{rel}","templated":true}]}}

<div class="wp-block-image">
<figure class="alignright size-large is-resized"><img loading="lazy" decoding="async" width="624" height="1024" src="https://ecole-ohara-lyon.com/wp-content/uploads/2022/07/atelier-1-624x1024.jpg" alt="" class="wp-image-563" style="width:187px;height:306px" srcset="https://ecole-ohara-lyon.com/wp-content/uploads/2022/07/atelier-1-624x1024.jpg 624w, https://ecole-ohara-lyon.com/wp-content/uploads/2022/07/atelier-1-183x300.jpg 183w, https://ecole-ohara-lyon.com/wp-content/uploads/2022/07/atelier-1-768x1260.jpg 768w, https://ecole-ohara-lyon.com/wp-content/uploads/2022/07/atelier-1-937x1536.jpg 937w, https://ecole-ohara-lyon.com/wp-content/uploads/2022/07/atelier-1-1249x2048.jpg 1249w, https://ecole-ohara-lyon.com/wp-content/uploads/2022/07/atelier-1-scaled.jpg 1561w" sizes="auto, (max-width: 624px) 100vw, 624px" /></figure>
</div>


<p>Les premiers cours d&rsquo;Ikebana ont été donnés à Lyon en 1967 et c&rsquo;est en 1972 que fut créée l’association d&rsquo;Art Floral Japonais de Lyon. l&rsquo;association est reconnue par l’École Ohara de Tokyo qui lui a donné le nom de « <a href="https://ecole-ohara-lyon.com/index.php/kiku/" data-type="URL" data-id="https://ecole-ohara-lyon.com/index.php/kiku/" target="_blank" rel="noreferrer noopener">Lyon Kiku</a>« .<br>Les deux Grand-Maître français, Annik Howa Gendrot et Marcel Vrignaud ont été régulièrement invités à Lyon pour animer des stages.<br><br>Tous les professeurs du Chapitre Lyon Kiku sont diplômés de l’École Ohara.<br>Chaque année, environ 90 élèves suivent <a href="https://ecole-ohara-lyon.com/index.php/les-cours/" data-type="URL" data-id="https://ecole-ohara-lyon.com/index.php/les-cours/" target="_blank" rel="noreferrer noopener">les cours répartis en 5 niveaux</a> qui vont de l’introduction à l&rsquo;Ikebana au Perfectionnement 4e degré.<br><br>Le Chapitre Lyon Kiku est habilité pour demander, au siège de l’École à Tokyo, les diplômes pour ses élèves.<br><br>L&rsquo;association a organisé plusieurs expositions ouvertes à un large public :</p>



<ul class="wp-block-list">
<li>1995 &#8211; Expo Ikebana 100e anniversaire École Ohara avec Marcel Vrignaud &#8211; Lyon III</li>



<li>1998 &#8211; Fleurs &amp; Musique avec Annik Howa Gendrot &#8211; le Radiant &#8211; Caluire et Cuire</li>



<li>2001 &#8211; Fleurs, Reflets des Arts &#8211; l&rsquo;Embarcadère &#8211; Lyon II</li>



<li>2010 &#8211; Audace, Tradition, Création &#8211; Orangerie du parc de la Tête d&rsquo;Or &#8211; Lyon VI</li>



<li>2014 &#8211; Fleurs d&rsquo;Or, Lumière d&rsquo;Automne &#8211; Orangerie du parc de la Tête d&rsquo;Or &#8211; Lyon VI</li>



<li>2018 &#8211; Les Voies du Japon &#8211; Japonisme 2018 &#8211; Chapelle St Joseph &#8211; Caluire et Cuire</li>



<li>2022 &#8211; Ateliers Révélés &#8211; Château de Rochebonne &#8211; Theizé (Beaujolais des pierres dorées)</li>



<li>2022 &#8211; 50 ans de l&rsquo;Association &#8211; Salle du Conseil Municipal &#8211; Caluire et Cuire</li>
</ul>

<p>Les premiers cours d&rsquo;Ikebana ont été donnés à Lyon en 1967 et c&rsquo;est en 1972 que fut créée l’association d&rsquo;Art Floral Japonais de Lyon. l&rsquo;association est reconnue par l’École Ohara de Tokyo qui lui a donné le nom de « Lyon &hellip; <a href="https://ecole-ohara-lyon.com/index.php/lyon-kiku-sg/">Continuer la lecture <span class="meta-nav">&rarr;</span></a></p>
